e
Does 15 divide 131020?
False
Does 15 divide 31627?
False
Does 103 divide 6981572?
False
Does 32 divide 175264?
True
Does 13 divide 1570049?
True
Does 29 divide 1459038?
False
Is 24194 a multiple of 10?
False
Is 144 a factor of 686448?
True
Is 2 a factor of 1121?
False
Is 218404 a multiple of 281?
False
Is 13 a factor of 3443736?
False
Does 83 divide 331159?
False
Is 15 a factor of 2129835?
True
Does 313 divide 46637?
True
Is 554440 a multiple of 40?
True
Does 55 divide 500402?
False
Is 30 a factor of 222480?
True
Is 1428252 a multiple of 7?
True
Is 11 a factor of 13044556?
False
Does 116 divide 63220?
True
Does 84 divide 64260?
True
Is 45 a factor of 1270668?
False
Does 22 divide 541705?
False
Does 2 divide 7121?
False
Does 60 divide 412539?
False
Is 4 a factor of 812124?
True
Is 894240 a multiple of 90?
True
Is 79 a factor of 72460?
False
Does 478 divide 254296?
True
Is 16 a factor of 977904?
True
Is 117852 a multiple of 416?
False
Is 11 a factor of 153928?
False
Is 690598 a multiple of 3?
False
Is 1302678 a multiple of 234?
True
Does 46 divide 149223?
False
Is 6663251 a multiple of 528?
False
Does 56 divide 574742?
False
Is 618 a factor of 16686?
True
Is 109886 a multiple of 21?
False
Is 821 a factor of 3570511?
False
Is 10408 a multiple of 34?
False
Is 25 a factor of 125800?
True
Is 234561 a multiple of 280?
False
Does 783 divide 1068572?
False
Is 1247024 a multiple of 16?
True
Does 159 divide 88164?
False
Does 7 divide 6912520?
False
Does 52 divide 309808?
False
Is 32025 a multiple of 175?
True
Is 111830 a multiple of 106?
True
Does 14 divide 10735550?
True
Does 85 divide 126245?
False
Is 39 a factor of 445025?
False
Is 100652 a multiple of 53?
False
Is 543652 a multiple of 8?
False
Is 11866577 a multiple of 350?
False
Is 378385 a multiple of 35?
True
Is 8 a factor of 3120667?
False
Does 522 divide 417083?
False
Is 74 a factor of 318935?
False
Does 38 divide 593332?
True
Is 4990179 a multiple of 19?
True
Does 114 divide 373766?
False
Is 72282 a multiple of 2?
True
Is 15790278 a multiple of 40?
False
Does 814 divide 617447?
False
Is 69156 a multiple of 6?
True
Is 5 a factor of 1423146?
False
Does 8 divide 18352?
True
Is 2261425 a multiple of 25?
True
Does 27 divide 1028376?
True
Is 3014172 a multiple of 108?
True
Is 29568 a multiple of 37?
False
Does 124 divide 777807?
False
Is 19 a factor of 146016?
False
Is 994379 a multiple of 101?
False
Is 4 a factor of 27180?
True
Is 13 a factor of 3305287?
False
Does 318 divide 1258326?
True
Does 63 divide 522802?
False
Is 7112844 a multiple of 738?
True
Is 44811 a multiple of 39?
True
Is 467 a factor of 22104?
False
Is 4782837 a multiple of 44?
False
Does 72 divide 4400496?
True
Is 122012 a multiple of 27?
False
Is 4 a factor of 46436?
True
Does 21 divide 117973?
False
Is 1716660 a multiple of 990?
True
Is 5959 even?
False
Is 23 a factor of 657661?
False
Does 22 divide 173683?
False
Does 3 divide 1065?
True
Does 22 divide 2420?
True
Is 31800172 a multiple of 31?
True
Is 852 a factor of 6120782?
False
Is 56 a factor of 23381792?
True
Is 15516910 a multiple of 74?
False
Is 888 a factor of 1702296?
True
Does 173 divide 72480?
False
Is 65 a factor of 1483320?
False
Does 88 divide 854254?
False
Is 80 a factor of 3066000?
True
Is 9578283 a multiple of 429?
True
Does 675 divide 385343?
False
Is 17 a factor of 156519?
True
Does 258 divide 407181?
False
Is 314491 a multiple of 12?
False
Is 866 a factor of 442004?
False
Is 293 a factor of 10848911?
True
Is 12853 a multiple of 33?
False
Is 22 a factor of 37304608?
True
Does 588 divide 11086790?
False
Is 38 a factor of 168777?
False
Is 2485080 a multiple of 5?
True
Is 248 a factor of 292888?
True
Is 17104 a multiple of 16?
True
Does 31 divide 3326119?
False
Does 63 divide 1576997?
False
Does 36 divide 255384?
True
Is 79 a factor of 1392612?
True
Does 14 divide 10036250?
True
Is 54 a factor of 61722?
True
Does 208 divide 275417?
False
Is 1551615 a multiple of 15?
True
Is 151248 a multiple of 184?
True
Is 463812 a multiple of 4?
True
Is 39 a factor of 6211484?
False
Is 2 a factor of 448305?
False
Does 493 divide 1999115?
True
Is 103 a factor of 50101?
False
Is 250510 a multiple of 13?
True
Does 52 divide 1277041?
False
Does 2264 divide 21009920?
True
Is 6785763 a multiple of 541?
True
Is 18355 even?
False
Is 612436 a multiple of 1796?
True
Does 22 divide 67480?
False
Does 17 divide 235909?
True
Is 40 a factor of 3351680?
True
Is 1452646 a multiple of 193?
False
Is 301 a factor of 24678689?
True
Is 11935352 a multiple of 44?
True
Is 100 a factor of 110500?
True
Is 427332 a multiple of 19?
False
Is 975528 a multiple of 797?
True
Does 22 divide 241900?
False
Does 8 divide 509237?
False
Is 3172573 a multiple of 7?
False
Is 73380 a multiple of 30?
True
Is 3 a factor of 4292?
False
Is 41106 a multiple of 123?
False
Is 245022 a multiple of 681?
False
Is 8954 a multiple of 11?
True
Does 412 divide 184649?
False
Does 738 divide 136530?
True
Is 1005 a factor of 10527375?
True
Is 1075 a factor of 2692875?
True
Is 19368612 a multiple of 131?
True
Does 475 divide 1235370?
False
Is 589170 a multiple of 82?
True
Does 7 divide 483847?
True
Is 5709060 a multiple of 20?
True
Does 44 divide 3995?
False
Does 3 divide 94472?
False
Is 2747313 a multiple of 12?
False
Is 336 a factor of 7728?
True
Is 277688 a multiple of 103?
True
Does 5 divide 246650?
True
Does 23 divide 60438?
False
Does 73 divide 7300?
True
Does 368 divide 110768?
True
Is 28 a factor of 4491116?
True
Is 1630881 a multiple of 9?
True
Is 129 a factor of 211560?
True
Does 60 divide 10620?
True
Is 193843 a multiple of 48?
False
Is 90324 a multiple of 36?
True
Is 223 a factor of 182944?
False
Is 1129886 a multiple of 887?
False
Is 810 a factor of 3026822?
False
Does 142 divide 75148?
False
Is 382 a factor of 255288?
False
Is 1243283 a multiple of 69?
False
Does 27 divide 458547?
False
Is 21944 a multiple of 64?
False
Does 14 divide 1315608?
True
Is 140 a factor of 364000?
True
Is 11275 a multiple of 7?
False
Is 70 a factor of 37030?
True
Is 26 a factor of 57798?
True
Is 92 a factor of 496800?
True
Does 6 divide 847063?
False
Does 16 divide 600624?
True
Is 3955384 a multiple of 8?
True
Is 1094265 a multiple of 15?
True
Does 5 divide 5595?
True
Is 781 a factor of 1158502?
False
Does 5 divide 144105?
True
Is 22684 a multiple of 6?
False
Is 1280747 a multiple of 886?
False
Is 7225273 a multiple of 29?
False
Is 2328193 a multiple of 185?
False
Is 45 a factor of 164029?
False
Is 28515 a multiple of 69?
False
Is 21 a factor of 356788?
False
Does 34 divide 696965?
False
Is 853148 a multiple of 13?
False
Is 23 a factor of 3532569?
False
Is 447 a factor of 20840034?
True
Does 29 divide 387899?
False
Is 353303 a multiple of 104?
False
Does 21 divide 6540180?
False
Is 352203 a multiple of 19?
True
Does 1153 divide 1692557?
False
Is 2830300 a multiple of 775?
True
Is 674 a factor of 156388?
False
Does 72 divide 422280?
True
Is 817885 a multiple of 76?
False
Does 46 divide 140875?
False
Is 4708856 a multiple of 856?
True
Does 3 divide 55959?
True
Does 214 divide 560252?
True
Does 41 divide 43419?
True
Is 1757996 a multiple of 233?
False
Is 441 a factor of 43218?
True
Is 2933752 a multiple of 17?
False
Does 7 divide 24703?
True
Is 14229 a multiple of 17?
True
Does 3 divide 830675?
False
Does 663 divide 6191603?
False
Is 29 a factor of 143405?
True
Is 258506 a multiple of 10?
False
Does 97 divide 8133789?
False
Is 8 a factor of 6294706?
False
Does 193 divide 1108815?
False
Is 1168703 a multiple of 53?
True
Is 1902990 a multiple of 6?
True
Is 4 a factor of 175915?
False
Does 293 divide 767953?
True
Is 46980 a multiple of 290?
True
Is 722 a factor of 177571?
False
Is 229392 a multiple of 354?
True
Is 995490 a multiple of 44?
False
Does 147 divide 40449?
False
Is 61 a factor of 9089?
True
Does 49 divide 19868101?
False
Is 18 a factor of 218585?
False
Does 69 divide 5792728?
False
Is 327803 a multiple of 75?
False
Does 436 divide 3112604?
True
Does 60 divide 332340?
True
Is 39858 a multiple of 54?
False
Is 111 a factor of 323757?
False
Does 19 divide 157858?
False
Does 281 divide 7587?
True
Does 241 divide 264271?
False
Is 12 a factor of 244044?
True
Is 41 a factor of 169125?
True
Is 5 a factor of 42562?
False
Is 5302177 a multiple of 